 be (420/385)/((-32)/(-528)). Let r be (3/6)/(-1)*0. Suppose r*x + 135 = 5*x. Calculate the greatest common divisor of o and x.
9
Let t(x) = 48*x**3 - 71*x**2 + 140*x - 2. Let y be t(2). What is the highest common divisor of 117 and y?
9
Let n = -11 - -18. Suppose -15 = -n*z - 1. Suppose p + c - 5 = -1, 0 = -4*p - z*c + 12. What is the highest common factor of 10 and p?
2
Let j(f) = 144*f**3 + f**2 - 44*f + 81. Let x be j(2). What is the highest common factor of x and 3?
3
Let j = -8 - -223. Let g = -179 + j. What is the greatest common divisor of g and 4?
4
Suppose 67*r - 95888 = -44*r - 17411. What is the greatest common divisor of 2424 and r?
101
Suppose 130*v - 114*v - 1216 = 0. What is the greatest common factor of v and 722?
38
Suppose 15*j = -0*j - 90. Let s be (9 - j)/(1/2). Calculate the greatest common factor of 48 and s.
6
Suppose -5*i + 75 = 5*l, -3*l + 74 - 15 = -4*i. Let q be ((-5)/20)/(1*(-2)/2312). Calculate the highest common factor of q and l.
17
Let t be ((-6)/(-24) - 10983/12)*7/(-21). Calculate the highest common factor of 245 and t.
5
Suppose 2*j - 366 = -2*g, 92 = j + 2*g - 87. What is the highest common factor of 255 and j?
17
Let q(l) = -11*l**2 + 62 + 2*l**3 - 5*l**3 + 6*l - 4*l + l**3. Let o be q(-7). Calculate the greatest common divisor of 39 and o.
39
Suppose 5*r = -5, r = -5*f + 4*r + 1873. Suppose 18*x - f - 238 = 0. Calculate the greatest common factor of x and 10.
2
Suppose -5*q + 20 = 3*k - 28, -k - 3*q = -16. Let y be (-16)/(-32) + 6/4. Suppose y*l - 1008 = -7*l. Calculate the highest common divisor of l and k.
16
Let y(t) = 563*t**2 - 18*t + 16. Let x be y(1). Let n = x - 459. Calculate the highest common divisor of n and 34.
34
Let b(t) = t**2 - t - 7. Let i be b(6). Let x = i + -20. Suppose -1 - 18 = -l + j, 0 = -x*l - 3*j + 33. What is the highest common divisor of l and 165?
15
Suppose -2*u = -5*l - 37, u - l - 41 = -3*l. Suppose 4180 + 10793 = u*w. What is the greatest common divisor of 21 and w?
21
Suppose 0 = -7*d + 29*d + 17*d - 1638. Let m(x) = 4*x - 2. Let l be m(4). Calculate the greatest common factor of d and l.
14
Let v = 8259 - 8217. What is the highest common divisor of 3402 and v?
42
Let a be 14 + (2 - (-7364)/119) - (-4)/34. Let i = -19 - -202. Suppose -3*z + i + 168 = 0. What is the greatest common divisor of a and z?
39
Let z(m) = m**3 + 7*m**2 - 8*m. Let b be z(-8). Suppose -7*o + 296 - 65 = b. Let i = -28 + o. Calculate the greatest common factor of 20 and i.
5
Let w(z) = z**3 + 10*z**2 - 2. Let c(q) = 3*q - 16. Let t be c(3). Let o be w(t). Calculate the greatest common divisor of o and 116.
29
Suppose 540 + 472 = 4*l. Suppose -64 - 5 = -3*a. What is the highest common factor of a and l?
23
Let r = 1379 + -567. Calculate the greatest common divisor of r and 377.
29
Let n = 19 + -10. Suppose -5*k + 481 = -4*s - 538, 3*k - 3*s = 609. Calculate the highest common factor of n and k.
9
Suppose -98*q = -103*q + 4*f + 6448, -q + 2*f = -1280. What is the highest common factor of 56 and q?
8
Let z be (-2)/(-4) + 126/28. Suppose -z*u - 3540 = -25*u. What is the highest common divisor of 118 and u?
59
Let a = -303 - -305. Let b be (-9)/2*a*-9. What is the highest common factor of b and 36?
9
Let g(p) = 3*p - 10. Let z be g(5). Let q be (-20)/(-12)*(-8 + 29). What is the highest common factor of z and q?
5
Let g be (-224)/252 + 1212/27. What is the greatest common factor of g and 132?
44
Suppose 5*t + 3*x = -0*x - 180, -5*t = 2*x + 185. Let c = t + 43. Let n(p) = p**2 + 6*p + 4. Let u be n(c). What is the highest common divisor of 22 and u?
22
Let x(w) = -12*w + 23. Let z be x(2). Let q be 24/((3 + -2 + -2)/z). What is the highest common divisor of q and 468?
12
Suppose 0 = 4*r + 12, 4*n + 39*r - 111 = 36*r. Calculate the highest common divisor of n and 545.
5
Let n = 9054 + -6270. What is the highest common factor of n and 288?
96
Let b be (-9 - 0)*(2 - 3). Let o(v) = v**3 - 5*v**2 + 15*v + 3. Let i be o(b). Suppose -6*m = -3*m - i. Calculate the highest common divisor of 14 and m.
14
Suppose -525*n = -129*n - 15398 - 54298. Suppose 0 = -2*j + j + 44. Calculate the highest common factor of n and j.
44
Let a(z) = -z**2 + 4*z + 121. Let f be a(13). Calculate the greatest common factor of 4100 and f.
4
Let n be 46*((-18)/(-12) - 3). Let k be 3/(-3) - (n + 20). Calculate the greatest common factor of 336 and k.
48
Suppose 0 = -4*i - 2*j + 412, 4*j + 836 - 334 = 5*i. What is the greatest common divisor of 493 and i?
17
Let v = 272 + -241. Let j = -7 + v. Calculate the greatest common divisor of j and 32.
8
Let w(t) = 56*t**3 + t**2 - 3*t + 1. Let h be 4 + 4 + -2 + -5. Let x be w(h). Calculate the greatest common divisor of 5 and x.
5
Let o(n) = -n**3 - 5*n**2 + 13*n + 8. Let i be o(-5). Let x = i - -72. What is the highest common factor of x and 135?
15
Suppose 49335 + 46149 = 218*w. What is the highest common factor of w and 24?
6
Suppose -120 + 132 = 4*v. Suppose -5*h + 78 = 4*c, 0 = -5*h - 0*c + v*c + 64. Calculate the highest common divisor of 154 and h.
14
Suppose -5*s + 1731 = -2*s + 11*a, 4*s + 2*a - 2346 = 0. What is the highest common factor of 36 and s?
12
Suppose 0 = 3*v + 440*q - 443*q - 3807, -6351 = -5*v + 4*q. What is the highest common divisor of 10710 and v?
255
Let h = -40715 + 73643. What is the highest common factor of h and 48?
48
Let g = -384 + 388. Suppose -2*c = -g*a - 90, -2*c = 5*a - 94 + 31. Calculate the highest common factor of c and 741.
39
Let g(d) = d**3 - 6*d**2 - 6*d + 20. Let j be g(11). Let w = -2303 + 2316. Calculate the highest common factor of j and w.
13
Suppose -2*d = -3*u + 7, -6*u = -d - 3*u - 11. Suppose -31 + 11 = 5*j, d*s - 32 = 3*j. Suppose -s*z = -671 + 41. What is the highest common factor of 42 and z?
42
Let m be -25*(21/6)/((-4)/8). Let p(z) = z + 19. Let f be p(-12). What is the greatest common divisor of f and m?
7
Let l(b) = -b**3 - 76*b**2 + 2782*b + 107. Let j be l(-103). Calculate the greatest common factor of j and 1642.
2
Let w(y) = -3*y**3 + 181*y**2 + 111*y + 825. Let u be w(61). Suppose d - 14 = -0. What is the highest common divisor of d and u?
14
Suppose -j + 6*j - 3463 = -y, -4*j - 3*y + 2755 = 0. What is the highest common factor of 4 and j?
2
Suppose b = 27*b - 338. Suppose -b - 9 = -2*a + 4*f, 0 = -f - 4. Calculate the greatest common divisor of a and 5.
1
Suppose 0 = 4*l + l - 10. Let n be 0 - -21 - (l + 1). Suppose n = 4*a - 2*x, a - 2*x = -7*x + 21. What is the highest common divisor of a and 66?
6
Let n = -231 - -234. Suppose 0 = -l - 4, -2*g - n*l = -225 - 43. What is the greatest common factor of 28 and g?
28
Let s(n) = -n**3 + 5*n**2 + 5*n + 5. Let z be s(-5). Let t(m) = -3*m**2 - 62*m + 601. Let b be t(7). What is the greatest common factor of z and b?
10
Let l(c) = -c - 4. Let m be l(-6). Let z be m + 0 + -1 - -5. Suppose -75*a + 19338 = 218*a. Calculate the greatest common divisor of a and z.
6
Let y(o) = o**2 + o - 26. Let b be -1*(1/(-5) - (-234)/(-30)). Let l be y(b). Let m = l + -36. Calculate the greatest common factor of 5 and m.
5
Suppose -401*f + 414*f = 78. Suppose 3*p = 3*d - 96, -2*p - 100 = -3*d - 0*p. Let i be (d/30)/(2/70). What is the greatest common factor of f and i?
6
Suppose -9 = y - 4*y. Let v = 14 - 9. Suppose -4*b + v*b - 15 = 0. Calculate the greatest common divisor of y and b.
3
Let d be 1188/132*(8/(-6))/(-4). Suppose -91 = -4*v - 31. What is the highest common divisor of d and v?
3
Suppose -z = 3*s - 80, -3*z - 3*s = -178 - 62. What is the greatest common divisor of z and 4920?
40
Let h(u) = -12*u - 108. Let p be h(-10). Suppose 10*r - 5*m = p*r - 171, 2 = -2*m. What is the highest common factor of r and 40?
8
Let g(b) = b**3 - 12*b**2 + 8*b + 89. Let c be g(11). Calculate the greatest common divisor of 119 and c.
7
Let d be 1 - 1*9*-26. Let m be ((-4040)/(-240))/(-101) + 31/6. Calculate the highest common factor of d and m.
5
Let r be (2/(-4)*22)/((-2)/(-10)). Let i = r + 64. Suppose -5*p + 23 - i = v, 0 = -v + 4*p + 32. Calculate the highest common factor of 216 and v.
24
Suppose a - 12 = -s, -2*a - 20 = -2*s - 5*a. Let t(d) = 8*d**2 - 9*d - 2. Let r be t(-4). Suppose -38 - r = -5*i. What is the greatest common factor of i and s?
8
Suppose 4*y - 12456 = 205*b - 201*b, 3112 = y + b. What is t